(j).
-16
Let n(m) be the third derivative of m**6/120 - m**5/5 - 7*m**4/6 - 2*m**3/3 + 929*m**2. Determine n(14).
-4
Let y(l) = 0*l - 15*l**2 + 3*l**2 + 2*l + 10 + 11*l**2 + 8*l. Suppose -5*n = h - 6*n - 8, -3*h - 5*n + 32 = 0. Determine y(h).
19
Let z(x) = -11*x + 373. Let k(h) = -h**3 + 11*h**2 + 30*h - 18. Let c be k(13). What is z(c)?
-1
Suppose 16*h - 119 = 137. Let c(z) = -5*z - h*z + 22*z - 9. Calculate c(-8).
-17
Suppose 15*x = -52*x - 335. Let z(p) = -p - 1. What is z(x)?
4
Let t(o) = -25. Suppose 7 = -5*a + 12. Let u(j) = -j - 1. Let x(m) = a*t(m) + 3*u(m). Let g be x(-9). Let r(y) = y**2 + y. Determine r(g).
0
Let w(n) = -15*n**2 + 1678*n + 254. Let q be w(112). Let m(a) = a**2 - 31*a + 4. Calculate m(q).
-26
Let u be 1616/(-1010) - (-28)/5. Let f(q) = -q**2 + 2*q + 6. What is f(u)?
-2
Let f(x) be the second derivative of -x**4/12 - 5*x**3/6 - 9*x**2/2 - 1817*x - 5. Suppose -4*k + 36 = -4*u, -5*k + 0*k = -u - 21. Give f(u).
-15
Let f(t) be the second derivative of -t**3/6 + 13*t**2/2 - 1071*t + 2. Determine f(14).
-1
Let o(q) = q**3 + 15*q**2 + 50*q + 2. Let r be (-5)/(-6)*(-30 - -24) - 5. Give o(r).
2
Let d(z) = -z**3 + 11*z**2 + 80*z + 6. Let i be d(16). Let h(l) = 11*l + 14. Give h(i).
80
Let j(l) = -5*l**3 + 3*l**2 - l + 3. Let q(a) = -a**3. Let r(g) = -j(g) + 4*q(g). Let o = 121 + -118. Determine r(o).
0
Let a(k) be the first derivative of 2*k**2 + 188 + k**3 - 3*k - 1/4*k**4. Give a(4).
-3
Let j(n) = 5*n + 6*n**3 + n + 7*n**2 + 10*n**3 - 15*n**3. Let b(c) = 8*c - 62. Let a be b(7). Calculate j(a).
0
Let l(p) be the first derivative of 1/3*p**3 + 3*p - 1/2*p**2 + 65. Let j = -9 - -13. Calculate l(j).
15
Let k(d) = 4*d**3 - 3*d**2 + 3. Let g = 137 + -134. Let a be k(g). Let b(v) = 178 - 86 - a - 5*v. Determine b(6).
-22
Let g(x) = -3*x**2 - 11*x - 7. Let q(k) = 17*k - 2*k**2 + 34 - 24 + 3*k**2 + 3*k**2. Let f(m) = -7*g(m) - 5*q(m). Calculate f(10).
19
Let q(w) = -11*w**3 + 2*w**2 + w. Suppose -12*c + 5*c = -35. Let x(m) = m**3 - 5*m**2 + 2*m - 11. Let k be x(c). Calculate q(k).
12
Let f(c) = -c**3 + 8*c**2 + 50*c - 22. Let p be f(12). Let i(w) = -28*w + 3*w - w**p + 1 + 17*w - 2. Give i(-7).
6
Let l be 28/(-7)*(4/2 - 1). Let c be (161/35 - 7) + l/(-10). Let u(n) be the second derivative of n**4/12 + n**3/6 - n**2/2 + 5*n. Calculate u(c).
1
Suppose -4*p - 28 + 40 = 0. Let d(n) = 14 + 3 - p - n. Suppose 2*x - 3*f = -12, 3*x + 2*f = -0*x + 8. What is d(x)?
14
Let a = -143 + 145. Let p(n) = 7*n - 17*n**2 - 5 - 21*n**2 + 37*n**a. Determine p(4).
7
Suppose 11*f = -5*f - 38 - 42. Let x(b) = 7*b + 51. Give x(f).
16
Let u(c) = -49*c - 276. Let l(y) = y**3 + 10*y**2 + 6*y - 33. Let x be l(-9). Determine u(x).
18
Let y(m) = 8*m**2 + 2*m - 1. Let a(b) = -b**2 + b - 4*b**2 + 6*b**2. Let k(f) = -4*a(f) + y(f). Suppose -33 - 21 = 43*s + 11*s. Determine k(s).
5
Let t(l) = -5*l + 26. Let v be t(3). Suppose 15 = 3*i + w + 7, 5*i = -4*w + v. Let o(f) = f**i - f**3 - f**2 - 7*f**3. Calculate o(1).
-8
Suppose -377*i = -376*i + 2*o + 4, -2*o - 2 = 0. Let f(c) = 23*c**2 + 5*c + 4. Determine f(i).
86
Let v be 0/((1 - 19)/9). Let f(p) be the third derivative of -p**5/60 + p**4/24 - 3*p**3 - p**2. What is f(v)?
-18
Let x = -34040 + 34044. Let m(h) = -16*h - 25. Give m(x).
-89
Let q = -38 + 26. Let k(s) = 29*s**2 - 97*s - 28. Let w(m) = -24*m**2 + 83*m + 26. Let h(y) = 5*k(y) + 6*w(y). Determine h(q).
4
Suppose -4*z = -2*p + 4, -3*p - 4*z - 10 = 4. Let s(m) = -2*m + 4. What is s(p)?
8
Suppose -11*k - 60 = -23*k. Let o(s) = 330 - 662 + 331 + k*s. What is o(-5)?
-26
Let u = -9 + 15. Let p(k) = -k**2 + 6*k + 3. Let m be p(u). Let i(r) = -3*r**m + 2*r + 0*r**2 - 1 - r**2 + 2*r**2 - 1. What is i(2)?
-18
Let u(a) = 10*a**2 - a + 1. Let c(n) = 2*n**3 - 51*n**2 + 10*n - 3. Let d(h) = -c(h) - 5*u(h). Give d(0).
-2
Let g = 2 - 3. Let l(k) = 0 + 0 - 3773014*k**2 + 3773003*k**2. Calculate l(g).
-11
Let h(l) = -3*l**2 + 13*l - 15. Let i(f) = 4*f**3 + 52*f**2 + 90*f + 23. Let v be i(-11). Determine h(v).
-5
Let o(x) = x**2 - 3 - 2*x - 4*x + x. Let j = -928 - -1972. Let u = -1039 + j. What is o(u)?
-3
Let t(k) = 3*k + 4556*k**2 + 4556*k**2 - 3 - 9125*k**2. What is t(1)?
-13
Let x(t) = 15*t - 166 + t**3 - 11*t**2 + 290 - 160. Give x(10).
14
Let m(k) = k**2 - 3*k - 12. Let s(q) = q**3 - 66*q**2 - 207*q + 6. Let p be s(69). Calculate m(p).
6
Let l(v) = -6*v**3 + v**2 + 2*v - 3. Let p = -114 + 138. Let u = p - 22. What is l(u)?
-43
Let h(v) = -v**3 - 18*v**2 - 5*v. Let q(w) = -w**3 - 28*w**2 - 7*w + 1. Let g(z) = -7*h(z) + 5*q(z). What is g(7)?
5
Let b = 11 - 6. Let t(s) = 8 + 3*s**2 - 2*s**2 + 8*s - b + 7. Let h be 5454/(-707) + (-5)/(-7). Give t(h).
3
Suppose 2*q - 2*d + 77 + 25 = 0, 4*q - 2*d = -212. Let a = q + 11. Let w = a - -48. Let i(j) = -j - 1. Give i(w).
-5
Suppose -3*f - f + 16 = 0. Suppose 2 = -f*h + 5*h. Let r(t) be the first derivative of -2*t**3/3 + t - 173. Determine r(h).
-7
Let u(t) = 5*t**3 - t**2 + t + 3. Let k(a) = -47*a**3 - 17*a**2 + 21*a - 6. Let g(l) = -k(l) - 9*u(l). Give g(-14).
7
Let a(p) = -4*p**3 + 6*p**2 - 6*p + 3. Let c = -23055 + 23058. Give a(c).
-69
Let f(v) = -19*v**2 + 35*v - 11. Let k(x) = 2*x**2 - 2*x - 1. Let q(u) = f(u) + 9*k(u). Give q(19).
-58
Suppose 4*i = 4*k + 10 - 2, 2*k = -2*i + 8. Let m = k + 10. Suppose 5*g = -n + 9*g + m, -4 = -2*n + 2*g. Let b(d) = 6*d - 1. What is b(n)?
-7
Let r = -23 - -25. Let t(j) = 3 + 509*j**2 + 2 - 508*j**r + 7*j. Suppose 4*m - 12 + 55 = -5*x, 4*x = -12. Determine t(m).
5
Let d(y) = 282*y - 557*y + 269*y - 10. What is d(-2)?
2
Let t(d) be the first derivative of d**2 + 58*d - 2347. Determine t(-6).
46
Let z(w) = -4*w - 2. Let s = 1 + 8. Let k be (-9 + 80/12)/((-1)/3). Suppose m = -s + k. Calculate z(m).
6
Let g be ((0 - -1) + -1)/(-1). Let b(c) = -6*c - 1 + g + 19*c - 4*c. Let x = -862 - -863. Give b(x).
8
Let n(r) be the third derivative of 5*r**4/24 + 11*r**3/3 + 1384*r**2. Determine n(-5).
-3
Let t(z) be the first derivative of z**2/2 + 12*z - 589. Calculate t(-6).
6
Suppose -100*k + 47*k = -67*k + 168. Let n(f) = -f**2 + 13*f - 18. Determine n(k).
-6
Let x(a) = a**3 - 2*a**2 - 4*a + 4. Let s(d) = -d**2 + 29*d + 213. Suppose 13*h + 45 = -33. Let n be s(h). Calculate x(n).
1
Let o(h) = 56*h**2 - 7*h - 8. Let d(s) = -67*s**2 + 7*s + 10. Let x(q) = 5*d(q) + 6*o(q). Let g(i) = 2*i. Let t be g(3). Calculate x(t).
-4
Let v(w) = -w + 14. Let j(s) = -1 - 3 - s - 4*s - 6. Suppose -16*h + 13 = -15*h + 5*f, -2*h = 5*f - 11. Let m be j(h). What is v(m)?
14
Let p(o) = 5*o + 21. Let n be p(-25). Let k = -103 - n. Let d be (-1 - -4) + k + (-21)/3. Let j(h) = h**2 + 4*h. Give j(d).
-3
Let k be -2*(3/(-2) - -2). Let c(f) be the third derivative of -f**6/80 + f**5/120 - 25*f**4/24 + 19*f**2. Let x(s) be the second derivative of c(s). Give x(k).
10
Let w = 2901 - 2900. Let d(l) = -13*l**3 - 2*l**2 + l + 2. Calculate d(w).
-12
Let a(b) be the second derivative of b**3/3 - 2*b**2 - b + 119. What is a(3)?
2
Let n(h) be the third derivative of 1/6*h**4 - 3*h**2 - 9*h + 0 + 1/2*h**3. Give n(-3).
-9
Let m(o) = 11*o**3 + 2*o**2 + 18*o - 25. Let h(b) = 5*b**3 + 9*b - 11. Let p(s) = 7*h(s) - 3*m(s). Calculate p(1).
3
Let d(p) = 3*p**2 - 22*p - 176. Let y(w) = 2*w**2 - 15*w - 126. Let t(r) = 5*d(r) - 7*y(r). Determine t(6).
8
Let j(q) = -9*q - 101. Suppose -2*f - 4*a - a = 27, -2*f = 3*a + 25. Give j(f).
-2
Suppose 4 = 3*y - 2. Let j(x) = x**2 - 8*x - 4. Let d be j(9). Let h(c) = 6 + 11*c**y - c - d*c**2 - 5. Determine h(1).
6
Let z(k) = -73 - 4*k + 6*k + 16*k - 4*k - 17*k. Determine z(21).
-136
Suppose -31*q + 17*q = -28. Suppose 14*k - 18*k = q*w, 15 = 5*k - 5*w. Let n(h) = -2*h + 2. Determine n(k).
0
Let g(a) = -a + 6. Let r be g(7). Let x(y) = -2*y - 2. Let s = 4229 - 4231. Let b(q) = -q. Let w(i) = r*x(i) + s*b(i). Determine w(-2).
-6
Let h(r) = -r + 7. Suppose 0 = -19*s - 4*s + 115. Suppose s*d + 11 = 26. Suppose -o - 4*v + 10 = -d*o, 3*v - 18 = 3*o. What is h(o)?
14
Let q(k) = -3*k**2 - 9*k + 7. Let a = 51 - 56. Calculate q(a).
-23
Let d(v) = -3*v**2 - 205*v - 394. Let x be d(-2). Let a(w) = 12*w - 40. Calculate a(x).
8
Let l(w) = 96 + 18*w + 22 - 196 - 1071 - 209*w. What is l(-6)?
-3
Let u(f) = -16*f**2 + 8*f + 7. Let d(k) = 19*k**2 - 9*k - 8. Let i(s) = -5*d(s) - 6*u(s). Determine i(6).
16
Let s(q) = 3*q**2 + 